{"id":12559,"date":"2018-10-03T12:08:10","date_gmt":"2018-10-03T10:08:10","guid":{"rendered":"https:\/\/pr.oostlander.de\/?page_id=12559"},"modified":"2018-10-22T17:11:05","modified_gmt":"2018-10-22T15:11:05","slug":"anwendungsgebiete","status":"publish","type":"page","link":"https:\/\/pr.oostlander.de\/bpw-hauptseite\/produkte\/anwendungsgebiete\/","title":{"rendered":"Anwendungsgebiete"},"content":{"rendered":"<p>[vc_row][vc_column]<div id=\"sub-header\" class=\"\"><ul class=\"breadcrumb\"><li><a href=\"https:\/\/pr.oostlander.de\/bpw-hauptseite\/\"><\/a> <\/li><li><span class=\"current\">Seite<\/span><\/li><\/ul><\/div>[\/vc_column][\/vc_row][vc_row remove_padding=&#8220;no-padding-vc-row&#8220;][vc_column][vc_text_separator title=&#8220;Anwendungsgebiete&#8220; i_icon_fontawesome=&#8220;fa fa-user-md&#8220; i_color=&#8220;black&#8220; i_background_style=&#8220;rounded&#8220; title_align=&#8220;separator_align_left&#8220; add_icon=&#8220;true&#8220;][vc_row_inner][vc_column_inner width=&#8220;2\/3&#8243;][vc_column_text]Wir liefern angepasste Produkte und individuelle Dienstleistungen f\u00fcr Ihre Praxis, f\u00fcr das MVZ und f\u00fcr die Klinik.<\/p>\n<p>F\u00fcr die Veterin\u00e4r-Praxis haben wir ebenfalls die passende Ausstattung.[\/vc_column_text][\/vc_column_inner][vc_column_inner width=&#8220;1\/3&#8243;][vc_single_image image=&#8220;12094&#8243; img_size=&#8220;medium&#8220;][\/vc_column_inner][\/vc_row_inner][vc_row_inner][vc_column_inner][vc_separator][vc_basic_grid post_type=&#8220;ids&#8220; style=&#8220;pagination&#8220; items_per_page=&#8220;4&#8243; element_width=&#8220;3&#8243; arrows_design=&#8220;vc_arrow-icon-arrow_03_left&#8220; arrows_position=&#8220;outside&#8220; arrows_color=&#8220;black&#8220; loop=&#8220;yes&#8220; item=&#8220;11923&#8243; grid_id=&#8220;vc_gid:1540221019723-e2637379-7feb-1&#8243; include=&#8220;12598, 12622, 10888, 10890&#8243;][\/vc_column_inner][\/vc_row_inner][\/vc_column][\/vc_row]<\/p>\n","protected":false},"excerpt":{"rendered":"<p>[vc_row][vc_column][\/vc_column][\/vc_row][vc_row remove_padding=&#8220;no-padding-vc-row&#8220;][vc_column][vc_text_separator title=&#8220;Anwendungsgebiete&#8220; i_icon_fontawesome=&#8220;fa fa-user-md&#8220; i_color=&#8220;black&#8220; i_background_style=&#8220;rounded&#8220; title_align=&#8220;separator_align_left&#8220; add_icon=&#8220;true&#8220;][vc_row_inner][vc_column_inner width=&#8220;2\/3&#8243;][vc_column_text]Wir liefern angepasste Produkte und individuelle Dienstleistungen f\u00fcr Ihre Praxis, f\u00fcr das MVZ und f\u00fcr die Klinik. F\u00fcr die Veterin\u00e4r-Praxis haben wir ebenfalls die passende Ausstattung.[\/vc_column_text][\/vc_column_inner][vc_column_inner width=&#8220;1\/3&#8243;][vc_single_image image=&#8220;12094&#8243; img_size=&#8220;medium&#8220;][\/vc_column_inner][\/vc_row_inner][vc_row_inner][vc_column_inner][vc_separator][vc_basic_grid post_type=&#8220;ids&#8220; style=&#8220;pagination&#8220;&#8230;<\/p>\n","protected":false},"author":6,"featured_media":0,"parent":12425,"menu_order":0,"comment_status":"closed","ping_status":"closed","template":"","meta":{"footnotes":""},"class_list":["post-12559","page","type-page","status-publish","hentry"],"_links":{"self":[{"href":"https:\/\/pr.oostlander.de\/bpw-hauptseite\/wp-json\/wp\/v2\/pages\/12559","targetHints":{"allow":["GET"]}}],"collection":[{"href":"https:\/\/pr.oostlander.de\/bpw-hauptseite\/wp-json\/wp\/v2\/pages"}],"about":[{"href":"https:\/\/pr.oostlander.de\/bpw-hauptseite\/wp-json\/wp\/v2\/types\/page"}],"author":[{"embeddable":true,"href":"https:\/\/pr.oostlander.de\/bpw-hauptseite\/wp-json\/wp\/v2\/users\/6"}],"replies":[{"embeddable":true,"href":"https:\/\/pr.oostlander.de\/bpw-hauptseite\/wp-json\/wp\/v2\/comments?post=12559"}],"version-history":[{"count":7,"href":"https:\/\/pr.oostlander.de\/bpw-hauptseite\/wp-json\/wp\/v2\/pages\/12559\/revisions"}],"predecessor-version":[{"id":13693,"href":"https:\/\/pr.oostlander.de\/bpw-hauptseite\/wp-json\/wp\/v2\/pages\/12559\/revisions\/13693"}],"up":[{"embeddable":true,"href":"https:\/\/pr.oostlander.de\/bpw-hauptseite\/wp-json\/wp\/v2\/pages\/12425"}],"wp:attachment":[{"href":"https:\/\/pr.oostlander.de\/bpw-hauptseite\/wp-json\/wp\/v2\/media?parent=12559"}],"curies":[{"name":"wp","href":"https:\/\/api.w.org\/{rel}","templated":true}]}}